. Suppose i + 0*w - 2*w = q, 9 = 3*i - 3*w. What is the remainder when b is divided by i?
1
Let m be 2 - ((-24)/1 + 0). Suppose -3 = -2*g + 1. Suppose -19 = -3*h - g*a, h + h = -4*a + m. What is the remainder when 8 is divided by h?
2
Suppose 2*h + 11 = 63. What is the remainder when 50 is divided by h?
24
Let u(v) = -1 + 4*v + 0 - v**2 + 3*v. Suppose 3*n - 26 - 5 = -2*l, -9 = 3*n. Calculate the remainder when l is divided by u(3).
9
Suppose -4*f + 6 = b - 28, -5*b = -5*f - 45. What is the remainder when 26 is divided by b?
12
Calculate the remainder when (-6)/15 + (-1004)/(-10) is divided by 21.
16
Let c be (-1)/3 - 16/(-3). Suppose c*f - 25 + 5 = 0. Suppose f*q + 3 = 27. Calculate the remainder when 17 is divided by q.
5
Let d(n) = n**3 + 9*n**2 + 2*n + 2. Calculate the remainder when d(-4) is divided by 19.
17
Suppose 0 = -0*u + 11*u - 154. Calculate the remainder when u is divided by 2.
0
Suppose 4*j + 3*k - 48 = 0, 5*j - 2*j + 3*k = 36. Let v = 12 + -31. Let m = v - -54. Calculate the remainder when m is divided by j.
11
Suppose 0*i - 5*i + 55 = 5*h, -3*h = 0. Calculate the remainder when i is divided by 7.
4
Suppose 0*c = -2*c + 34. Let o(j) = j**2 + 2*j + 8. What is the remainder when o(-6) is divided by c?
15
Let n(i) = 5*i**2 - 2 - 2*i + i**2 - 3*i**2. Let t be n(2). What is the remainder when (-32)/t*45/(-12) is divided by 7?
6
Let j = 85 - 50. Calculate the remainder when 67 is divided by j.
32
Let m(r) = 49*r - 1. Let s be m(2). Let o = s + -59. Let h = o + -18. What is the remainder when 59 is divided by h?
19
Suppose -116 = -4*b + 3*u + 17, -4*b + 2*u = -134. Calculate the remainder when 167 is divided by b.
31
Suppose 2 = -3*b - 4, 3*k = b - 4. Calculate the remainder when 21 is divided by 0 + 3 - (k + -6).
10
Suppose -z + 6 = 3. Suppose -3*j = -m - 517, j + 0*j - z*m = 175. Suppose q = -5*h + 215, -h - 3*h + j = q. What is the remainder when h is divided by 15?
13
Let h(j) be the first derivative of j**3 - 5*j**2/2 - 3*j - 3. Calculate the remainder when h(4) is divided by 13.
12
Let p = -6 - -6. Suppose -5*m = -15, p = 4*u - m - 69 + 12. Calculate the remainder when 28 is divided by u.
13
What is the remainder when 63 is divided by (-16)/((6/4)/(-3))?
31
Let a(m) = -14*m + m**2 + 0 + 0*m + 3 + 0. Calculate the remainder when 53 is divided by a(15).
17
Suppose -23 = -y - 4*l, 0*y = -2*y + l + 10. Calculate the remainder when (-10)/15 - 166/(-6) is divided by y.
6
Let s(a) = -a**3 - 5*a**2 - 4*a + 5. Suppose 2*q + 4*g + 8 = 0, 4*q - 8*q - 16 = 2*g. What is the remainder when s(q) is divided by 3?
2
Let y be (5 - 6)/((-1)/36). Suppose y = 4*p - 32. What is the remainder when p is divided by 9?
8
Suppose -5*a = -2*o - 2*o - 91, 0 = -o + 1. What is the remainder when 73 is divided by a?
16
Let g(n) be the second derivative of -n**5/20 - n**4/12 + 4*n**2 + n. Let y be g(0). Calculate the remainder when 15 is divided by y + (-3 - -5) + -2.
7
Let t = 8 + 7. What is the remainder when t is divided by 8?
7
Let f be 9/6 + 110/(-4). Let x = 0 - f. Calculate the remainder when x is divided by 14.
12
Suppose 5 = 2*o - 3. What is the remainder when 13 is divided by o?
1
Calculate the remainder when ((-6)/(-2) - 2)*(4 - -49) is divided by 28.
25
Let w be (-66)/(-9) - 1/3. Let r(c) = 4*c - 3. What is the remainder when 48 is divided by r(w)?
23
What is the remainder when 26 is divided by (14/5)/((-56)/(-140))?
5
Let m = 28 - 16. Let i = -7 + m. What is the remainder when 9 is divided by i?
4
Let v(s) = s - 1. Calculate the remainder when 35 is divided by v(13).
11
Suppose -66*g - 60 = -68*g. What is the remainder when 115 is divided by g?
25
Let v(w) = w**3 - 3*w**2 + 3*w - 2. Let d = 10 + -7. Calculate the remainder when 12 is divided by v(d).
5
Let y(i) = i - 1. Let k be y(4). Suppose 49 = 4*u + q, k*q + 54 = 3*u - 2*q. What is the remainder when 23 is divided by u?
10
Let r(u) = -u**3 + 7*u**2 - 2*u + 1. Suppose -2 = -4*s + 22. Let l = -1 + 10. Calculate the remainder when r(s) is divided by l.
7
Suppose 5*i = 4*p - 6, 2*p - 10 = -3*i + 2*i. Let u(x) = 2*x + 1. Calculate the remainder when u(i) is divided by 3.
2
Suppose 5*u = u + 12. Let h(i) = i**2 + 14*i + 15. Let o be h(-13). Let q(f) = 2*f**2 - 1. What is the remainder when q(o) is divided by u?
1
Suppose 5*f - 70 = -5*c, 3*c = 2*f - 4*f + 32. Calculate the remainder when f is divided by 3.
1
Let t(p) = p**3 + 10*p**2 - 2*p - 5. Let h be t(-10). Let q be (14/21)/(2/h). Suppose -x = -1 - q. Calculate the remainder when x is divided by 3.
0
Suppose 3*r + 162 = -3*b, 0 = -2*r + 4*b - 77 - 19. Calculate the remainder when -5 - -2 - r/2 is divided by 6.
5
Suppose 0 = -2*l + 3 - 41. Let s = l + 31. Calculate the remainder when 34 is divided by s.
10
Suppose 4 - 58 = -3*s. Let g = s + -4. What is the remainder when 53 is divided by g?
11
Suppose 2*p + 2*p + 20 = 0, -4*y - 5*p = 45. Let i be 1/y - (-78)/15. Let z = i - -9. Calculate the remainder when 40 is divided by z.
12
Let y(a) = -4*a**3 - a**2 + a - 1. Let u(c) = -9*c**3 - c**2 + 1. Let t = 4 + -5. Calculate the remainder when y(-2) is divided by u(t).
7
Suppose -s - 4 = 3*s. Let b be 220/(-8) + s/(-2). Let f = 45 + b. What is the remainder when 35 is divided by f?
17
Let y = 65 + -44. Calculate the remainder when (42*3)/2 + -2 is divided by y.
19
Let d(u) = -5 - u - 44*u - 11*u. Let r be d(-4). Suppose -5*p = 4 - r. Calculate the remainder when p is divided by 15.
13
Suppose 5*j = -4 + 59. Suppose -j - 3 = -l. Let z = 141 - 100. What is the remainder when z is divided by l?
13
Let n be 14/4 - (-2)/4. Suppose 16 = -2*a + n*s - 0, -s = -4. Suppose 4 = h - a*h. Calculate the remainder when 11 is divided by h.
3
Calculate the remainder when (-33)/44 - (2841/(-12) - 2) is divided by 40.
38
Let y(m) = -2*m**3 - m**2 - m + 2. What is the remainder when 63 is divided by y(-2)?
15
Let g be (-10)/(-1) + (-1 - 1). Suppose g = -m + 5*m. Calculate the remainder when (-6 + 7)*38/m is divided by 7.
5
Suppose 19 = 5*p - 3*w, -p + 3*w = 2*w - 3. What is the remainder when 7 is divided by p?
2
Suppose -l - 19 = 5*b + 7, -5*l + 3*b = 74. Suppose 2*q - 30 - 58 = 0. Calculate the remainder when q is divided by ((-1)/1 - l)*1.
14
Let o = -33 - -54. What is the remainder when 60 is divided by o?
18
Suppose 4*w - 6*w = v - 28, w + 4*v = 0. Calculate the remainder when 75 is divided by w.
11
Suppose -53 = 5*x - 558. What is the remainder when x is divided by 17?
16
Let y(w) be the third derivative of -w**6/60 - w**5/15 + w**4/24 + 2*w**3/3 - w**2. Calculate the remainder when y(-3) is divided by 7.
5
Let y = 28 - 9. Let h be (-2)/(-6) - (-359)/3. Suppose 0 = m + m - 3*o - 100, -2*m - 2*o + h = 0. What is the remainder when m is divided by y?
18
Let m = 5 - -3. Let o(a) = a**3 + 6*a**2 - 2*a - 9. Let b be o(-6). Let s = b - 0. Calculate the remainder when m is divided by s.
2
Let k(m) = m**2 + 7*m + 7. Let c = 4 + -13. Let f be ((-24)/c)/((-2)/6). Calculate the remainder when 43 is divided by k(f).
13
What is the remainder when (-3 + 3)/2 + (36 - 1) is divided by 8?
3
What is the remainder when 53 is divided by (1/3)/(7/399 - 0)?
15
What is the remainder when 40 is divided by 17*1 + 18/(-24)*4?
12
Let u(r) = r**3 - r**2 - r - 2*r**3 + 0*r**3 + 11. What is the remainder when 21 is divided by u(0)?
10
Let d(u) = -4*u**3 - 2*u**2 - u. What is the remainder when (40/18)/(14/63) is divided by d(-1)?
1
Suppose -2*u - 20 = -2*d, d + 14 = -u - 4*u. Let c(v) = 3*v**2 + 1 - 4*v**2 - 2*v - v**3 + 8*v**2. What is the remainder when c(d) is divided by 7?
4
Let f(w) = 57*w + 2. Calculate the remainder when f(2) is divided by 30.
26
What is the remainder when 5/4*(28 - (-24)/(-6)) is divided by 8?
6
Suppose -537 = 7*s - 10*s. What is the remainder when s is divided by 12?
11
Let j(g) = -g - 3. Suppose -h + 32 = -5*h. Let p be j(h). Suppose -2*w + p*w - 69 = 0. Calculate the remainder when w is divided by 12.
11
Let r(k) = k**2 - k. Let u be r(2). Suppose 0*v + u*v = 14. Calculate the remainder when v is divided by 4.
3
Let l(s) = -s**2 + 23*s + 154. Let d be 1*4*1/(-2). What is the remainder when (d + 3)*(42 + -1) is divided by l(28)?
13
Calculate the remainder when 48 is divided by 160/6 - 4/6.
22
Suppose 480 = 4*k + 104. Suppose -4*v = 156 + 68. Let y = v + k. What is t